 -4)) is divided by 25.
21
Calculate the remainder when 2879 is divided by (30 + 6/(-2))*-2*(-40)/15.
143
Suppose 12 = -60*q + 62*q. Suppose -5*v + 102 = 4*l - q*l, -l - 40 = -2*v. What is the remainder when v is divided by 5?
2
Suppose -204 = -10*s - 14*s + 324. What is the remainder when 3844 is divided by s?
16
What is the remainder when 2266 is divided by (5/12 + (-1)/(-3))*(540 + -528)?
7
Suppose 5169*q = 5184*q - 4635. What is the remainder when 955 is divided by q?
28
Let b(d) = d**2 + 24*d + 146. Let l be b(-11). Calculate the remainder when 43 is divided by -22*(l - (-3 - (-90)/12)).
10
Let j(b) = 4 - 2 - 2*b - 3*b + b**3 + 5*b**2. Calculate the remainder when (-1)/(-4) + 828/16 is divided by j(-5).
25
Suppose 0 = -3*j + 24, -4*a = -44*j + 49*j - 49912. Calculate the remainder when a is divided by 29.
27
Let y be 539/5 + (-8)/(-40). Suppose -3*r + 12 = -y. Suppose 0 = z - q + 4*q - r, 4*q - 84 = -2*z. Calculate the remainder when z is divided by 17.
12
Let f(w) = 3*w**3 + 115*w**2 - 81*w - 100. Let a = -91 - -157. Calculate the remainder when a is divided by f(-39).
15
Suppose -3*p = 6*u - 2424, -3*u - 3*p = u - 1616. What is the remainder when u is divided by 18?
8
Suppose -s - 128 = -298. Suppose 7*v - s - 68 = 0. Calculate the remainder when v is divided by 19.
15
Let r(w) = 605*w - 1754. What is the remainder when r(3) is divided by 4/6 - 74/(-6)?
9
Suppose 5*r = 4*d + 6, -2*d + 6*r = 2*r. Calculate the remainder when 66 is divided by 9 + d + (-5 - -20).
6
Suppose 2*m = 2*k - 18, -m + 4 + 12 = 4*k. Let b = 55 + -54. What is the remainder when (10 - 5) + 24/b is divided by k?
4
Suppose 0 = 4*k - 5 - 3, 5*k + 650 = 4*o. Let b = o - 112. Suppose -26 = -3*u + 4*c, -4*u + 11*c + 68 = 14*c. What is the remainder when b is divided by u?
11
Suppose -4*v + 28 = 5*r, 2*r - 6*r = -5*v - 47. Let t be 22*-1 - r/4. Calculate the remainder when (-6)/(-16) + (-759)/t is divided by 7.
4
Let u(b) be the second derivative of b**4/12 + 25*b**3/6 + 29*b**2 + 86*b. Calculate the remainder when u(-27) is divided by 29.
25
Let g be ((-1 - -24)*1)/1. Suppose 17 = 4*j + 5*a, -j - 4*a = a - g. Calculate the remainder when j + 21 + 4 + -3 is divided by 6.
2
Let l = 314 - 210. Suppose -5*v + 50 = -5*k, 3*v + 155*k - 151*k - 72 = 0. Calculate the remainder when l is divided by v.
8
Let r = 0 - -9. Let c(i) = -i**3 - 13*i**2 - 31*i - 23. Let y be c(-10). Let f(q) = q**2 + 14*q + 55. Calculate the remainder when f(y) is divided by r.
6
Suppose -42 - 56 = -4*i - 22. What is the remainder when 10180 is divided by i?
15
Let c = 33 - 19. Let x = -349367 + 349616. What is the remainder when x is divided by c?
11
Let p(c) = 10*c**3 + 4*c**2 - 8*c + 6. Suppose 90*w - 122 = 29*w. What is the remainder when p(w) is divided by 6?
2
Let n(t) = 39*t**2 - 137*t + 22. Calculate the remainder when 1824 is divided by n(6).
12
Let r(i) = -29*i + 554. Suppose 10*s - 5*s = 190. What is the remainder when r(10) is divided by s?
36
Suppose -86 = -3*v - 11. Suppose 3*i + v = -c, 0 = 3*c + 12 - 0. Let y = i - -22. What is the remainder when 57 is divided by y?
12
Let m(t) = 4*t**2 - t - 8*t + 0*t - 7 + 3 + t**3. Let o = 174 + -179. What is the remainder when m(o) is divided by 4?
0
Let c = 17913 + -17056. What is the remainder when c is divided by 21?
17
Let y(c) = -19*c + 6. Let o be y(-5). Suppose -a + 18 = 4*h, 5*a = -4*h + o + 37. Let m = -59 - -67. What is the remainder when a is divided by m?
6
What is the remainder when 496 is divided by (3 + -5)*2*(0 + 486/(-8))?
10
Let t = -1689 - -2119. What is the remainder when t is divided by 48?
46
Suppose -2083*z = -2104*z + 3717. Calculate the remainder when z is divided by 85.
7
Suppose -6*f + f + 1015 = 5*i, -2*f + i + 400 = 0. Let r = f + -173. Calculate the remainder when r is divided by 12.
4
Let c be (-11 - -15)*(-35)/2. Let l be c/3*((-6)/5 + 0). Suppose 0 = 22*p - l*p + 468. Calculate the remainder when p is divided by 40.
38
Suppose -3*b - 312 = 303. What is the remainder when (b/(-25) - 4)/((-2)/(-20)) is divided by 23?
19
What is the remainder when 329 is divided by ((-92)/7)/((-40)/140)?
7
Suppose i - 313 = -2*s + 7*s, -7*i = s - 2299. Calculate the remainder when 1652 is divided by i.
12
Suppose 11*l - 455 + 367 = 0. Calculate the remainder when 1575 is divided by l.
7
Let a(u) = 2*u**3 - 14*u**2 + 4*u - 12*u**3 - 51 + 4*u**3 + 3*u**3 + 4*u**3. What is the remainder when 2*1*13/2 is divided by a(14)?
3
Suppose -2*z - m = -7, 3*z + 10*m - 12*m = 21. What is the remainder when 23*z + (-432)/54 is divided by 22?
19
Let v(o) be the first derivative of -o**4/4 + 5*o**3 + 17*o**2/2 + 20. Let x be v(16). Suppose x*n + 82 = 18*n. Calculate the remainder when 80 is divided by n.
39
Let k(g) = 19508*g**2 - 17 + 59*g - 19501*g**2 - 7 - 3. Let i(w) = 29*w + 1. What is the remainder when i(1) is divided by k(-9)?
3
Let m(s) = -2*s + 27. Let l be m(11). Let u(z) = 74*z + 2. Let x be u(l). Suppose -x = 78*k - 81*k. What is the remainder when k is divided by 25?
24
Suppose 83*b - 2530 = 1039. What is the remainder when 53 is divided by b?
10
Let l(y) = -y**2 - 11*y + 10. Let k be l(-10). Let r = k - 20. What is the remainder when 150 is divided by 38 - 1/(-4)*r?
36
Let c(m) be the first derivative of m**4/4 + 3*m**3 + 5*m**2 - 21*m - 156. Calculate the remainder when c(-6) is divided by 15.
12
Let m = 5945 - 5914. Let t(o) = -3*o - 3. Calculate the remainder when m is divided by t(-7).
13
Suppose -5*y - 3773 + 704 = -36*y. Calculate the remainder when 583 is divided by y.
88
Let p(m) = -m**3 + 28*m**2 + 30*m + 58. Let b = -27 + 49. Calculate the remainder when p(29) is divided by b.
21
Let n(x) = x**3 + 11*x**2 - 88*x - 874. Suppose -2*i + 92 + 60 = 0. Calculate the remainder when i is divided by n(-8).
10
Let w(k) = -k**3 - 4*k + 6*k**2 - 71 + 7*k + 66. Suppose -4*n + 15 = 5*i, 2*n - 4*i = 4*n - 6. What is the remainder when 103 is divided by w(n)?
33
Let s(j) = -14*j - 82. Let a be s(-6). Suppose -5*h - a*u - 3*u + 775 = 0, 2*u = 0. Calculate the remainder when h is divided by 46.
17
Suppose 0 = p + 5*a - 1682, -617*p = -613*p - 2*a - 6684. Calculate the remainder when p is divided by 7.
6
Suppose 28*c - 135210 = -134426. Suppose -5*f + 406 = -2*v, 0 = 8*v - 3*v + 15. Calculate the remainder when f is divided by c.
24
Suppose -14*r = -28*r + 42. Suppose -3*h + 100 = w, 0*h - 140 = -4*h - r*w. Calculate the remainder when h is divided by 18.
14
Let y(g) = -3*g**3 + 115*g**2 + 148*g + 62. Calculate the remainder when y(39) is divided by 21.
20
Let x(l) = l**3 - 17*l**2 - 9*l + 12. Let v be x(16). Let s = v + 413. What is the remainder when 172 is divided by s?
22
What is the remainder when (33/44)/((-27)/(-1800)) is divided by 18?
14
Let z(r) be the second derivative of 3/4*r**4 + r**2 - 1/20*r**5 - 1/2*r**3 - 34*r + 0. Calculate the remainder when z(8) is divided by 24.
18
Let b be (1 - -1)/(-1) + 44. Suppose -8*i + 3*i + b = -2*q, 0 = 5*i - 4*q - 44. What is the remainder when 33 is divided by i?
1
Suppose 29*o = 24*o + 200. Calculate the remainder when 103 is divided by o/2*(-4)/(-10).
7
Let j(b) = -b**3 + 9*b**2 + 10*b - 15. Let i be 1 + 0 - (0 + -6 + -3). Let p be j(i). Calculate the remainder when 17 is divided by (-171)/p - 4/10.
6
Let c = -69 + 41. Let f = c + -11. Let n = -36 - f. What is the remainder when 10 is divided by n?
1
Let z = 257 + -247. Let h(w) = 3*w**2 - 6*w + 3 - 2*w**2 + 8*w. What is the remainder when h(4) is divided by z?
7
Let p be 87 - (-10 + -7 + 9). Suppose -p*t + 96 = -87*t. What is the remainder when 431 is divided by t?
11
Calculate the remainder when 11 is divided by (-9 - -9) + 4 + 1 + (3 - -1).
2
Let q(d) = 262*d**3 - d. Let w be q(1). Suppose 755 = 2*l + v + w, -247 = -l - 2*v. What is the remainder when l is divided by (45/6)/(6/40)?
47
Let p = -90 - -94. Suppose 0 = 3*k + k - 144. What is the remainder when k is divided by 9 + p/4 - 0/(-2)?
6
Let u(j) be the second derivative of j**3/3 - 4*j**2 + j. Let p(x) = x**2 - 716*x + 5675. Let y be p(8). Calculate the remainder when 40 is divided by u(y).
12
Suppose 5*h - 5*g - 893 - 187 = 0, -3*h - 3*g = -660. What is the remainder when 118 is divided by 18/45 - h/(-5)?
30
Let h(p) = -p**3 + 3*p**2 - 4*p - 5. Suppose 13*i - 647 = -218. Calculate the re